99.
37, 127
List the prime factors of 28687.
28687
What are the prime factors of 2208?
2, 3, 23
List the prime factors of 845.
5, 13
List the prime factors of 177536.
2, 19, 73
What are the prime factors of 251?
251
What are the prime factors of 73957?
13, 5689
List the prime factors of 11016.
2, 3, 17
What are the prime factors of 1545?
3, 5, 103
What are the prime factors of 4014?
2, 3, 223
List the prime factors of 1347.
3, 449
What are the prime factors of 1220?
2, 5, 61
What are the prime factors of 384?
2, 3
List the prime factors of 4482.
2, 3, 83
What are the prime factors of 240?
2, 3, 5
List the prime factors of 6846.
2, 3, 7, 163
What are the prime factors of 1067?
11, 97
List the prime factors of 837.
3, 31
List the prime factors of 300.
2, 3, 5
List the prime factors of 783.
3, 29
List the prime factors of 511.
7, 73
What are the prime factors of 2444?
2, 13, 47
List the prime factors of 24295.
5, 43, 113
What are the prime factors of 821?
821
What are the prime factors of 8531?
19, 449
List the prime factors of 14012.
2, 31, 113
List the prime factors of 10035.
3, 5, 223
List the prime factors of 1842.
2, 3, 307
What are the prime factors of 1627?
1627
List the prime factors of 1191.
3, 397
List the prime factors of 9443.
7, 19, 71
List the prime factors of 56552.
2, 7069
What are the prime factors of 2151?
3, 239
List the prime factors of 48338.
2, 24169
What are the prime factors of 7026?
2, 3, 1171
List the prime factors of 4157.
4157
What are the prime factors of 1502?
2, 751
What are the prime factors of 3248?
2, 7, 29
What are the prime factors of 49381?
19, 23, 113
What are the prime factors of 13936?
2, 13, 67
What are the prime factors of 906?
2, 3, 151
What are the prime factors of 64333?
64333
List the prime factors of 7857.
3, 97
What are the prime factors of 2861?
2861
List the prime factors of 6856.
2, 857
What are the prime factors of 2034?
2, 3, 113
What are the prime factors of 14983?
14983
List the prime factors of 3281.
17, 193
List the prime factors of 1397.
11, 127
List the prime factors of 22596.
2, 3, 7, 269
What are the prime factors of 2977?
13, 229
List the prime factors of 16636.
2, 4159
What are the prime factors of 7011?
3, 19, 41
What are the prime factors of 62217?
3, 31, 223
What are the prime factors of 225?
3, 5
What are the prime factors of 34122?
2, 3, 11, 47
What are the prime factors of 120?
2, 3, 5
What are the prime factors of 1659?
3, 7, 79
What are the prime factors of 21115?
5, 41, 103
List the prime factors of 20857.
20857
List the prime factors of 77.
7, 11
What are the prime factors of 69284?
2, 17321
List the prime factors of 91712.
2, 1433
What are the prime factors of 13514?
2, 29, 233
What are the prime factors of 1800?
2, 3, 5
List the prime factors of 10487.
10487
List the prime factors of 2540.
2, 5, 127
List the prime factors of 16134.
2, 3, 2689
What are the prime factors of 2067?
3, 13, 53
What are the prime factors of 17494?
2, 8747
List the prime factors of 134.
2, 67
List the prime factors of 1087.
1087
What are the prime factors of 141427?
11, 13, 23, 43
List the prime factors of 2174.
2, 1087
What are the prime factors of 1040?
2, 5, 13
What are the prime factors of 91706?
2, 45853
What are the prime factors of 236?
2, 59
What are the prime factors of 1081?
23, 47
What are the prime factors of 5910?
2, 3, 5, 197
List the prime factors of 16574.
2, 8287
List the prime factors of 1902.
2, 3, 317
What are the prime factors of 6351?
3, 29, 73
List the prime factors of 67.
67
What are the prime factors of 16093?
7, 11, 19
What are the prime factors of 959?
7, 137
What are the prime factors of 8371?
11, 761
What are the prime factors of 10411?
29, 359
What are the prime factors of 1356?
2, 3, 113
What are the prime factors of 4539?
3, 17, 89
What are the prime factors of 14292?
2, 3, 397
List the prime factors of 123500.
2, 5, 13, 19
List the prime factors of 1161.
3, 43
What are the prime factors of 42795?
3, 5, 317
List the prime factors of 16572.
2, 3, 1381
What are the prime factors of 214?
2, 107
List the prime factors of 3059.
7, 19, 23
What are the prime factors of 184466?
2, 92233
What are the prime factors of 188?
2, 47
What are the prime factors of 18503?
18503
List the prime factors of 35712.
2, 3, 31
What are the prime factors of 38153?
38153
What are the prime factors of 5799?
3, 1933
What are the prime factors of 6403?
19, 337
List the prime factors of 45788.
2, 11447
List the prime factors of 828.
2, 3, 23
List the prime factors of 139.
139
List the prime factors of 18847.
47, 401
List the prime factors of 1938.
2, 3, 17, 19
List the prime factors of 771.
3, 257
List the prime factors of 22235.
5, 4447
What are the prime factors of 12213?
3, 23, 59
List the prime factors of 39577.
19, 2083
List the prime factors of 1486.
2, 743
What are the prime factors of 15232?
2, 7, 17
What are the prime factors of 716?
2, 179
What are the prime factors of 69290?
2, 5, 13, 41
List the prime factors of 2567.
17, 151
List the prime factors of 11494.
2, 7, 821
List the prime factors of 7593.
3, 2531
What are the prime factors of 6802?
2, 19, 179
List the prime factors of 12523.
7, 1789
List the prime factors of 5142.
2, 3, 857
List the prime factors of 11077.
11, 19, 53
List the prime factors of 41658.
2, 3, 53, 131
What are the prime factors of 3280?
2, 5, 41
List the prime factors of 19378.
2, 9689
List the prime factors of 947.
947
List the prime factors of 13629.
3, 7, 11, 59
List the prime factors of 522.
2, 3, 29
What are the prime factors of 12194?
2, 7, 13, 67
List the prime factors of 2535.
3, 5, 13
What are the prime factors of 1609?
1609
List the prime factors of 68332.
2, 11, 1553
What are the prime factors of 8666?
2, 7, 619
What are the prime factors of 29759?
29759
What are the prime factors of 18615?
3, 5, 17, 73
What are the prime factors of 38439?
3, 4271
List the prime factors of 18509.
83, 223
What are the prime factors of 81?
3
What are the prime factors of 641?
641
What are the prime factors of 127?
127
List the prime factors of 36419.
79, 461
List the prime factors of 15231.
3, 5077
List the prime factors of 528.
2, 3, 11
What are the prime factors of 337?
337
What are the prime factors of 336?
2, 3, 7
What are the prime factors of 3290?
2, 5, 7, 47
List the prime factors of 9245.
5, 43
List the prime factors of 646.
2, 17, 19
List the prime factors of 2567.
17, 151
List the prime factors of 24041.
29, 829
What are the prime factors of 9703?
31, 313
What are the prime factors of 23027?
23027
What are the prime factors of 3887?
13, 23
What are the prime factors of 10162?
2, 5081
List the prime factors of 1120.
2, 5, 7
What are the prime factors of 4207?
7, 601
List the prime factors of 736.
2, 23
What are the prime factors of 5011?
5011
What are the prime factors of 25185?
3, 5, 23, 73
What are the prime factors of 564?
2, 3, 47
List the prime factors of 109048.
2, 43, 317
What are the prime factors of 59055?
3, 5, 31, 127
List the prime factors of 14563.
14563
List the prime factors of 5318.
2, 2659
List the prime factors of 24173.
23, 1051
List the prime factors of 488.
2, 61
What are the prime factors of 1341?
3, 149
List the prime factors of 1497.
3, 499
List the prime factors of 4688.
2, 293
List the prime factors of 1074.
2, 3, 179
What are the prime factors of 6478?
2, 41, 79
What are the prime factors of 1146?
2, 3, 191
List the prime factors of 6329.
6329
What are the prime factors of 1820?
2, 5, 7, 13
What are the prime factors of 1277?
1277
List the prime factors of 1372.
2, 7
What are the prime factors of 2337?
3, 19, 41
What are the prime factors of 106775?
5, 4271
List the prime factors of 148691.
148691
List the prime factors of 6920.
2, 5, 173
List the prime factors of 1085.
5, 7, 31
What are the prime factors of 58568?
2, 7321
List the prime factors of 2244.
2, 3, 11, 17
What are the prime factors of 4360?
2, 5, 109
List the prime factors of 2021.
43, 47
List the prime factors of 1444.
2, 19
List the prime factors of 30785.
5, 47, 131
What are the prime factors of 6001?
17, 353
List the prime factors of 439.
439
List the prime factors of 42548.
2, 11, 967
What are the prime factors of 22503?
3, 13, 577
List the prime factors of 12448